 3*o - 31 = -27*v, 2*v + o = -3. What is c(v)?
-9
Let n(o) = -5*o**3 + 9*o**2 + 5*o + 16. Let l(j) = 11*j**3 - 17*j**2 - 8*j - 35. Let w(b) = 4*l(b) + 9*n(b). Determine w(14).
-10
Let u(o) be the first derivative of -33*o**2/2 + 322*o + 3946. Calculate u(10).
-8
Suppose -7*r - 4*l + 36 = -5*r, 2*r - 5*l = 54. Let b(g) = -g**3 + 23*g**2 - 12*g - 227. Calculate b(r).
-7
Suppose 5*u - 16 = 14. Let m(v) = v**3 - 5*v**2 - 18. Let h be m(u). Suppose 4*o + y - h = -0*o, o + 3 = -4*y. Let x(b) = -b**3 + 4*b**2 + 5*b + 6. Give x(o).
6
Let j(s) be the first derivative of -s**3/3 - 13*s**2/2 - 49*s - 2846. Calculate j(-10).
-19
Let c(m) = 8*m + 6. Let q(y) = -39*y - 30. Let r(b) = 24*c(b) + 5*q(b). Suppose -g + 4*n + 4 = 1, -12 = -4*g - n. Suppose 0 = g*f - 6*f - 21. Calculate r(f).
15
Let l(i) be the third derivative of i**4/8 - 31*i**3/3 + 2*i**2 + 4*i - 33. Determine l(0).
-62
Let y(z) = 1 + 4*z**2 + z**3 + 0*z**2 - 2*z**3 + z. Suppose -m = 5*w + 6 + 17, 4*w = -4*m - 12. Suppose -4*v + 4 = -l, m*l = 3*l - 5*v + 6. Calculate y(l).
5
Let j(i) = -19 + 3*i**2 + 4*i + 21 - 9*i**2. Let q(k) = -10*k**2 + 6*k + 3. Let v(n) = 8*j(n) - 5*q(n). Give v(-4).
25
Let m(u) = -33*u - 1. Suppose -t - 9 = -2*t, -5*t = -2*b - 47. Determine m(b).
32
Let d(n) = -6*n - 24. Let j(o) = 7*o + 25. Let x(l) = 4*d(l) + 3*j(l). Let y be x(-8). Let m be 3 + y/(-5) + 8/(-20). Let k(w) = -3*w + 2. Determine k(m).
-4
Let r(n) = 4*n**2 + 2*n. Let q(j) = 10*j**2 + 7*j + 1. Let v(o) = -3*q(o) + 10*r(o). What is v(2)?
35
Let m(q) = q**3 - 5*q**2 - 2*q + 9. Suppose -528 = -92*g - 41 - 27. Calculate m(g).
-1
Let t(l) = -l**3 - 11*l**2 + 15*l + 24. Suppose 64 = -2*u + 5*y, -5*y + 76 = 21*u - 24*u. Give t(u).
-12
Let c(k) = -k. Let a be c(1). Let z be a/((-1)/(-6)*1). Let l(v) be the second derivative of v**4/12 + 4*v**3/3 + v**2 - 245*v - 73. Determine l(z).
-10
Let k = -11 + 15. Let f = -107 + 110. Suppose 2*a = -2*a - k*y - 36, f*a = -4*y - 29. Let u(l) = -l - 2. Give u(a).
5
Let i(x) = -2*x**3 - 15*x**2 - 2*x - 5. Let s(j) = -4*j**3 - 28*j**2 - 4*j - 9. Let u(y) = 7*i(y) - 4*s(y). Give u(-3).
4
Let m(w) = -w**3 - 4*w**2 + 5*w - 5. Suppose -27 = -3*p - 5*t + 5, -4*p - 2*t + 24 = 0. Suppose h = -p*z - 22, -z - 18*h - 7 = -17*h. What is m(z)?
-5
Let h be 15/9*24/20. Suppose -6*j = -h*j - 3*v - 8, -5*j = -v + 1. Let p(l) = -10*l**2 + l. What is p(j)?
-11
Suppose -15 = -3*u - 2*u. Let b(v) = -v**3 - 2*v**2 - v + 12. Let l(c) = 7*c**3 + 13*c**2 + 2*c - 71. Let y(d) = 6*b(d) + l(d). Calculate y(u).
25
Let y(r) = r**2 - 2*r - 3. Suppose q + q = -54. Let l = q + 47. Suppose 24*t - l*t + 8 = 0. Determine y(t).
5
Let z(j) = -27*j**3 + 1557*j**2 - j - 2 - 1555*j**2 - 8*j**3. What is z(-1)?
36
Suppose 2*l + 2 = 6. Suppose 0 = 22*v - 7*v - 30. Let y(u) = -v*u - 2740 + 2740. Determine y(l).
-4
Let f(d) = -25 - 15*d - 5*d + 2022*d**2 - 2040*d**2 - 17 - d**3. Calculate f(-17).
9
Let k = 6396 + -6391. Let g(j) = -j**3 + 6*j**2 - 3*j + 12. What is g(k)?
22
Suppose 3*h - 13 = -5*d, -h + d = 4*h - 31. Let s(a) = 2*a + 7. Calculate s(h).
19
Let u(s) = -s**3 - 7*s**2 - 17*s - 27. Let h be (-18)/1 - (86 + -99). Give u(h).
8
Suppose b - 16 = -s, -201 = 4*s - b - 235. Let v(k) = -k + 4. What is v(s)?
-6
Let y be 3/(7 - 8) - (-6 - -2). Let p(t) = 116*t - 123*t + y - 1 + 0. What is p(-7)?
49
Let j(d) = -446*d + 458*d + 8*d**2 + 4*d**3 + 3 - 3*d**3 - 3*d**3. Determine j(6).
-69
Let k(p) = p**3 + 7*p**2 + p + 17. Let r be k(-7). Let c = -10 + r. Suppose c = 6*b - 14*b - 32. Let x(o) = -o - 2. Determine x(b).
2
Let g(o) = o - 4. Let r = 473 + -327. Suppose -r = -5*b - 116. Determine g(b).
2
Let z(p) = 50*p - 130*p - 43 - p**3 - 3*p**2 + 51*p + 22*p. Calculate z(-5).
42
Let j(p) = -1. Let q(v) = 3*v + 4. Let d(x) = -10*x - 13. Let u(l) = 2*d(l) + 7*q(l). Let w = 1587 - 1588. Let o(b) = w*u(b) + 4*j(b). Determine o(-3).
-3
Let r(a) = -2*a**2 - 5*a - 3*a - a - 2. Let v be (-80)/(-50)*(-185)/74. What is r(v)?
2
Let l(m) = -5*m**3 - 2*m**2 - 40*m**2 + m + 41*m**2 + 32*m**3 + 18*m**3. Give l(1).
45
Let x(r) = r - 10. Let k be x(7). Let j(a) = -23*a**2 - 3*a + 117. Let o(u) = 5*u**2 + u - 26. Let s(g) = -2*j(g) - 9*o(g). Calculate s(k).
18
Let s(u) be the third derivative of 0*u**3 + 11/24*u**4 + 0 + 0*u + 44*u**2. Calculate s(-2).
-22
Let b(p) = -17*p**3 + 2*p - 1. Suppose 0 = -5*z + 3*a - 0 - 5, 3*z = 2*a - 4. Suppose -z*o - 2*d + 2 - 10 = 0, 5 = -d. Determine b(o).
-16
Let s(k) = 4*k + 2. Let j(t) = -7*t - 5. Let w(a) = 3*j(a) + 5*s(a). Suppose -3004 = 117*q - 2068. Give w(q).
3
Suppose -61*g - 40*g + 444 = 10*g. Let i(n) be the third derivative of -1/8*n**g + 3*n**2 + 0 - 1/2*n**3 + 0*n. Calculate i(-3).
6
Let j(z) be the second derivative of -z**3/6 - z - 633. Let m = 12 - 11. Calculate j(m).
-1
Let w(p) = -p**3 - 3*p**2 + 1. Let m(g) be the third derivative of g**4/4 + 9*g**3/2 + g**2. Let b = 673 - 678. Let h be m(b). What is w(h)?
1
Let j(b) = -2 - 99*b**2 + b**3 + 111*b**2 - 2*b + 4*b - 11 - 1. What is j(-12)?
-38
Let i(j) = -15*j - 288. Let c be ((-6)/7 + (14640/(-315))/8)*3. Give i(c).
12
Let u(i) be the first derivative of 7*i**3/3 - 5*i**2/2 - 2*i + 3. Let m be u(-2). Let z(o) = m*o - 67*o - 4*o**2 + 1 + 32*o - 3*o**2. Calculate z(-1).
-7
Let d(n) = 2*n**2 + 150694*n - 5*n**2 + 3*n**2 - n**2 + 66 - 150678*n. What is d(19)?
9
Let q(u) be the third derivative of u**5/60 + u**4/4 - u**3/6 - 9884*u**2. Suppose 2*y + 16 + 0 = 0. What is q(y)?
15
Let k(q) be the third derivative of -q**5/30 + 11*q**4/12 - 8*q**3/3 - 54*q**2 - 2*q. Let p(z) = -z**2 + 3*z - 1. Let t(o) = k(o) - 3*p(o). Give t(-14).
1
Let u = -9 + 0. Let k(d) = d**3 + 11*d**2 + 19*d + 12. Let b be k(u). Suppose b + 33 = 4*q. Let c(i) = -i**3 + 8*i**2 + 7*i + 12. Give c(q).
-6
Let l(n) = 1812806 + 55*n - 1812806. Determine l(1).
55
Let n = 1784 - 871. Let i = n - 910. Let r(d) = 4*d**2 - 2*d - 3. What is r(i)?
27
Let i(m) = 6*m**3 + 12*m**2 + 9*m - 2. Let j be i(-2). Let p(r) = -r**3 - 21*r**2 - 21*r - 28. What is p(j)?
-8
Let h be 9*((-120)/36 - -3). Let y(q) = 15*q + 56. What is y(h)?
11
Let p(x) = 31*x**3 - 35*x**2 + 5*x - 34. Let l(t) = -7*t**3 + 9*t**2 - t + 8. Let s(v) = 9*l(v) + 2*p(v). Determine s(11).
15
Suppose -3*v = -2*v - 2*x - 9, 3*v + 2*x = -13. Let n(i) be the third derivative of 0*i**3 + 0*i**4 - 2*i**2 + 3/20*i**6 + 0 - 1/60*i**5 - 25*i. Determine n(v).
-19
Let m(w) = 28*w + 703. Let s be m(-25). Let u(a) be the third derivative of 1/24*a**4 + 0*a + 0 + 7*a**2 - 1/3*a**s. What is u(4)?
2
Let w(m) = -3. Let b(j) = -j**3 + 18*j**2 - 18*j. Let v be -4 - (-2)/((0 + -3)/(-12)). Let i(q) = v*w(q) - b(q). Calculate i(17).
5
Let h(f) = -f**3 + 4*f**2 - 2*f - 1. Suppose -30 = 77*w - 107. Calculate h(w).
0
Let o be 2/5 + (-54)/10. Let i(l) be the third derivative of 1/3*l**3 + 0*l + 61*l**2 + 1/12*l**4 - 1. What is i(o)?
-8
Let d(f) be the third derivative of -f**6/60 + f**5/10 + f**4/24 - 5*f**3/6 - 330*f**2. Let b(l) = -l**2 - 6*l - 4. Let a be b(-4). Give d(a).
-33
Let p(w) = -w**3 - 7*w**2 + 2*w - 4. Suppose -3*k - 7 = -10. Let t be 15 + -17 + k*-5. Determine p(t).
-18
Let x(w) be the second derivative of -11/2*w**2 + 1/2*w**3 + 0 - 72*w. Give x(5).
4
Let s(y) = -y + 3. Let q be 2 - ((7 - 4) + -4 - 0). Suppose -2*i - 14 - 60 = 4*u, 15 = -u + q*i. Let n = u - -18. Calculate s(n).
3
Let a(p) = -5*p - 220. Let w = 14326 - 14366. What is a(w)?
-20
Let s = 95 + -91. Suppose 2*h = -5*j + 6, 3*j + 0 = -5*h - s. Suppose 3*a + j*c = -0 + 7, -3*a + 8 = c. Let k(z) = -z**2 + 2*z + 1. Give k(a).
-2
Let c be 4/(-14) + 120/28. Suppose 2 = -c*x - 2. Let j(v) = 0*v + 80*v - 74*v - v. Determine j(x).
-5
Suppose 3*v = -6, 3*h - 31 = 6*v - v. Suppose -h + 22 = -5*c. Let w(m) = -2*m + 8. Let p(q) = 3*q - 9. Let t(x) = 4*p(x) + 5*w(x). What is t(c)?
-2
Let m be 76/14 + (-87)/203. Let c(g) = 3*g**2 - m*g**2 - 6*g + 3 + 9 - 14 + 12. Determine c(-6).
-26
Suppose -11*o + 9*o = -5*v - 16, -3*v + 6*v = 0. Let f(c) = c**3 - 5*c**2 - 17*c. What is f(o)?
56
Let r(n) = 2*n + 14. Let h(g) = -g - 12. Let y(i) = 6*h(i) + 5*r(i). What is y(1)?
2
Let n(r) = r - 2. Let w(u) = -u + 130. Let b(k) = -4*n(k) - w(k). Calculate b(-42).
4
Suppose -2*h + 6 = 0, h = -4*t + 31 + 32. Let i(o) = -26*o**2 + 40*o**2 - t*o**2 - 9*o + 11. What is i(-10)?
1
Let a(j) = -4*j**2 + 47*j + 14. Let